
839
What is the greatest common divisor of 786485 and 46?
23
What is the greatest common divisor of 12474 and 218862?
1134
Calculate the highest common factor of 467097 and 9.
3
What is the highest common factor of 3 and 16875?
3
What is the greatest common factor of 180 and 35550?
90
What is the greatest common divisor of 5450 and 8?
2
Calculate the greatest common divisor of 34420 and 60.
20
What is the greatest common divisor of 410400 and 969?
57
Calculate the highest common divisor of 140772 and 48.
12
What is the highest common divisor of 124524 and 432?
108
What is the highest common divisor of 660 and 7890?
30
What is the highest common divisor of 131 and 324487?
131
Calculate the highest common factor of 183 and 21289.
61
Calculate the highest common divisor of 69 and 31119.
69
What is the highest common factor of 1100 and 507925?
275
Calculate the greatest common factor of 1393 and 172931.
199
What is the highest common factor of 685 and 5?
5
Calculate the highest common factor of 16049 and 341.
11
Calculate the greatest common divisor of 2355144 and 1936.
968
Calculate the greatest common factor of 33 and 909051.
33
What is the highest common factor of 165979 and 88?
11
Calculate the greatest common factor of 382310 and 40.
10
What is the greatest common factor of 52 and 28964?
52
What is the highest common divisor of 42 and 3974775?
21
What is the greatest common divisor of 237 and 109731?
237
What is the highest common factor of 265748 and 28?
28
Calculate the greatest common factor of 32662 and 686.
14
What is the greatest common divisor of 2899 and 390?
13
Calculate the greatest common factor of 972 and 19176.
12
Calculate the highest common divisor of 15109 and 2605.
521
What is the highest common factor of 323 and 41021?
323
What is the highest common divisor of 132 and 64284?
132
What is the highest common divisor of 17305578 and 61?
61
Calculate the greatest common factor of 2808 and 1704.
24
What is the highest common divisor of 11484 and 243252?
1044
Calculate the greatest common divisor of 2740851 and 27.
27
Calculate the highest common divisor of 1820266 and 322.
322
Calculate the greatest common factor of 2925 and 43425.
225
Calculate the highest common factor of 1940 and 13310.
10
What is the greatest common divisor of 3484 and 64052?
268
What is the greatest common factor of 102 and 1630640?
34
What is the greatest common factor of 48 and 941112?
24
Calculate the greatest common divisor of 144453 and 2421.
807
Calculate the highest common factor of 6600 and 64050.
150
What is the highest common divisor of 283757 and 43?
43
Calculate the greatest common divisor of 298930 and 5.
5
Calculate the highest common factor of 145 and 2269830.
145
What is the greatest common divisor of 5454968 and 328?
328
Calculate the greatest common factor of 552 and 306.
6
What is the greatest common factor of 522698 and 2024?
506
Calculate the greatest common factor of 301093 and 2392.
299
What is the highest common factor of 2 and 203018?
2
Calculate the greatest common divisor of 223 and 2520123.
223
Calculate the greatest common divisor of 72 and 541962.
18
What is the highest common divisor of 322 and 291548?
46
Calculate the highest common factor of 1794 and 10971.
69
Calculate the highest common divisor of 23 and 125189.
23
What is the greatest common divisor of 18796 and 1184?
148
Calculate the greatest common divisor of 785 and 2492689.
157
What is the greatest common divisor of 24684 and 1428?
204
Calculate the greatest common factor of 1572 and 588.
12
What is the highest common divisor of 5712 and 124950?
714
Calculate the greatest common factor of 7618 and 7982.
26
What is the greatest common divisor of 30024 and 4309?
139
Calculate the greatest common factor of 18 and 11157.
3
What is the greatest common divisor of 9472 and 20?
4
Calculate the highest common divisor of 314 and 99538.
314
Calculate the greatest common divisor of 340 and 1109216.
68
Calculate the greatest common factor of 13148 and 5035.
19
What is the greatest common divisor of 17820 and 4320?
540
What is the highest common factor of 240 and 4630?
10
Calculate the greatest common factor of 47851 and 218.
109
Calculate the greatest common factor of 37467 and 1035.
207
Calculate the highest common factor of 1128 and 324723.
141
What is the highest common factor of 104 and 89102?
26
What is the greatest common divisor of 27656 and 512?
8
Calculate the greatest common divisor of 23286 and 6.
6
Calculate the highest common divisor of 4356 and 6204.
132
Calculate the greatest common divisor of 16632 and 24255.
693
What is the highest common factor of 228 and 5214?
6
What is the greatest common factor of 172267 and 837?
31
What is the greatest common factor of 97111 and 7?
7
Calculate the greatest common divisor of 368302 and 682.
22
What is the highest common divisor of 34352 and 988?
76
Calculate the highest common factor of 257820 and 36.
12
Calculate the highest common factor of 642 and 1368102.
642
What is the highest common factor of 17217 and 153?
9
What is the greatest common divisor of 524048 and 224?
112
Calculate the highest common factor of 1395 and 24255.
45
Calculate the greatest common factor of 708993 and 81.
81
Calculate the greatest common factor of 38014 and 1162.
166
Calculate the greatest common factor of 1378 and 312.
26
Calculate the greatest common factor of 37169 and 20119.
341
Calculate the greatest common divisor of 44016 and 9660.
84
Calculate the greatest common factor of 9216 and 528.
48
What is the highest common factor of 2080 and 28444?
52
Calculate the highest common factor of 244 and 321836.
244
What is the greatest common divisor of 1620 and 85698?
162
Calculate the greatest common divisor of 21008 and 338.
26
Calculate the highest common factor of 1255 and 30.
5
Calculate the greatest common divisor of 817988 and 188.
188
Calculate the greatest common factor of 39 and 834821.
13
What is the highest common factor of 117 and 295165?
13
What is the greatest common divisor of 66 and 546997?
11
Calculate the highest common factor of 65 and 50921.
13
What is the greatest common divisor of 75632 and 145?
29
Calculate the highest common divisor of 277611 and 61.
61
Calculate the greatest common divisor of 11 and 371536.
11
What is the highest common factor of 913 and 415?
83
What is the highest common factor of 437 and 16492?
19
What is the greatest common factor of 2 and 677?
1
Calculate the greatest common factor of 260 and 51260.
20
What is the greatest common divisor of 168 and 24087?
21
Calculate the highest common divisor of 4783296 and 5376.
1344
What is the highest common factor of 127 and 186?
1
Calculate the highest common factor of 14 and 102262.
2
Calculate the highest common divisor of 253 and 665459.
23
Calculate the greatest common divisor of 2388 and 54.
6
Calculate the highest common divisor of 2276743 and 7.
7
What is the highest common factor of 136285 and 27645?
485
What is the greatest common divisor of 2772665 and 70?
35
Calculate the greatest common divisor of 2604355 and 309.
103
Calculate the greatest common factor of 1334 and 1682.
58
What is the highest common factor of 4387955 and 11?
11
What is the greatest common factor of 78453 and 207?
207
What is the greatest common factor of 8469 and 106333?
941
What is the greatest common divisor of 22064 and 1456?
112
What is the greatest common divisor of 50 and 739900?
50
What is the greatest common factor of 398566 and 294?
98
Calculate the greatest common divisor of 2232 and 9176.
248
Calculate the highest common factor of 9744770 and 70.
70
Calculate the greatest common divisor of 7429 and 11799.
437
What is the greatest common factor of 8341 and 4484?
19
Calculate the greatest common factor of 54252 and 1096.
548
What is the highest common factor of 5 and 243?
1
What is the greatest common factor of 804 and 438?
6
Calculate the highest common divisor of 440 and 10472.
88
Calculate the greatest common divisor of 1971 and 23798.
73
What is the highest common divisor of 13904 and 1232?
176
What is the highest common factor of 1634 and 13287?
43
Calculate the highest common factor of 14672 and 336.
112
Calculate the highest common divisor of 1 and 15259.
1
What i